{"id":30,"date":"2016-11-21T13:21:30","date_gmt":"2016-11-21T12:21:30","guid":{"rendered":"http:\/\/sabine-waskoenig.de\/index.php\/about\/"},"modified":"2016-12-12T13:24:07","modified_gmt":"2016-12-12T12:24:07","slug":"about","status":"publish","type":"page","link":"https:\/\/www.sabine-waskoenig.de\/index.php\/about\/","title":{"rendered":"About"},"content":{"rendered":"<h1 style=\"text-align: center;\">Sabine Wask\u00f6nig<\/h1>\n<h2 style=\"text-align: center;\">Fotodesign<\/h2>\n<p style=\"text-align: center;\">&nbsp;<img loading=\"lazy\" class=\"size-medium wp-image-3324 aligncenter\" src=\"http:\/\/www.sabine-waskoenig.de\/wp-content\/uploads\/2016\/11\/Rennstrecke_Kamera-225x300.jpg\" alt=\"rennstrecke_kamera\" width=\"225\" height=\"300\" srcset=\"https:\/\/www.sabine-waskoenig.de\/wp-content\/uploads\/2016\/11\/Rennstrecke_Kamera-225x300.jpg 225w, https:\/\/www.sabine-waskoenig.de\/wp-content\/uploads\/2016\/11\/Rennstrecke_Kamera.jpg 720w\" sizes=\"(max-width: 225px) 100vw, 225px\" \/><\/p>\n<p style=\"text-align: center;\">Ich bin im Siegerland aufgewachsen und habe Wirtschaftswissenschaften mit Schwerpunkt&nbsp;im Bereich Marketing studiert. Die Fotografie hat mich ein Leben lang begleitet und so ist sie heute Teil meiner beruflichen T\u00e4tigkeit. Anfangs, als Zwergin, im Studio und Fotolabor meines Vaters, sp\u00e4ter auf Reisen mit der eigenen Kamera. Meine Lieblingsmotive sind historische Fahrzeuge auf und an der Rennstrecke. Bevorzugt mit ihren Menschen. Und in Bewegung. Nicht einfach nur Autos auf der Rennstrecke&#8230;solche Bilder sind austauschbar und zahllos vorhanden.<\/p>\n<h3 style=\"text-align: center;\">&#8222;Ein Bild sagt mehr als tausend Worte&#8220;<\/h3>\n<p style=\"text-align: center;\">Das ist nicht nur so ein Spruch, den man allerorten von sich gibt. Ein Bild kann viel mehr, als die Vergangenheit&nbsp;sachlich beschreiben. Ein gutes Bild kann und soll Emotionen vermitteln. Etwas \u00fcber die Atmosph\u00e4re, die Situation erz\u00e4hlen und nat\u00fcrlich auch einfach gefallen.<\/p>\n<p style=\"text-align: center;\">Fast alle meine Bilder bearbeite ich digital nach. Im Fokus stehen dabei das Herausarbeiten und Unterstreichen des eigentlichen Bildcharakters. So erstelle ich auch gern Bilder in schwarz\/wei\u00df, um eine Bildaussage auf das Wesentliche zu reduzieren.&nbsp;<\/p>\n<p style=\"text-align: center;\">Die Ergebnisse k\u00f6nnen sich (meist) sehen lassen. Sagen jedenfalls viele Menschen \u00fcber meine Arbeiten.<\/p>\n<p style=\"text-align: center;\">Viel Spa\u00df beim Anschauen und bl\u00e4ttern!&nbsp;<\/p>\n<p style=\"text-align: center;\">&nbsp;<\/p>\n<p style=\"text-align: center;\">&nbsp;<\/p>\n<p style=\"text-align: center;\">&nbsp;<\/p>\n<p style=\"text-align: center;\">&nbsp;<\/p>\n<p>&nbsp;<\/p>\n","protected":false},"excerpt":{"rendered":"<p>Sabine Wask\u00f6nig Fotodesign &nbsp; Ich bin im Siegerland aufgewachsen und habe Wirtschaftswissenschaften mit Schwerpunkt&nbsp;im Bereich Marketing studiert. Die Fotografie hat mich ein Leben lang begleitet und so ist sie heute Teil meiner beruflichen T\u00e4tigkeit. Anfangs, als Zwergin, im Studio und Fotolabor meines Vaters, sp\u00e4ter auf Reisen mit der eigenen Kamera. Meine Lieblingsmotive sind historische Fahrzeuge [&hellip;]<\/p>\n","protected":false},"author":1,"featured_media":3320,"parent":0,"menu_order":4,"comment_status":"closed","ping_status":"closed","template":"","meta":{"ngg_post_thumbnail":0},"_links":{"self":[{"href":"https:\/\/www.sabine-waskoenig.de\/index.php\/wp-json\/wp\/v2\/pages\/30"}],"collection":[{"href":"https:\/\/www.sabine-waskoenig.de\/index.php\/wp-json\/wp\/v2\/pages"}],"about":[{"href":"https:\/\/www.sabine-waskoenig.de\/index.php\/wp-json\/wp\/v2\/types\/page"}],"author":[{"embeddable":true,"href":"https:\/\/www.sabine-waskoenig.de\/index.php\/wp-json\/wp\/v2\/users\/1"}],"replies":[{"embeddable":true,"href":"https:\/\/www.sabine-waskoenig.de\/index.php\/wp-json\/wp\/v2\/comments?post=30"}],"version-history":[{"count":11,"href":"https:\/\/www.sabine-waskoenig.de\/index.php\/wp-json\/wp\/v2\/pages\/30\/revisions"}],"predecessor-version":[{"id":3321,"href":"https:\/\/www.sabine-waskoenig.de\/index.php\/wp-json\/wp\/v2\/pages\/30\/revisions\/3321"}],"wp:featuredmedia":[{"embeddable":true,"href":"https:\/\/www.sabine-waskoenig.de\/index.php\/wp-json\/wp\/v2\/media\/3320"}],"wp:attachment":[{"href":"https:\/\/www.sabine-waskoenig.de\/index.php\/wp-json\/wp\/v2\/media?parent=30"}],"curies":[{"name":"wp","href":"https:\/\/api.w.org\/{rel}","templated":true}]}}